rue
Is 32908595 composite?
True
Is 24988081 composite?
False
Is 7579157 prime?
False
Is 34641221 a prime number?
True
Is 7729745 prime?
False
Is 980201 prime?
False
Is 8308219 a composite number?
False
Is 14462029 a prime number?
True
Is 63355445 composite?
True
Is 4114571 a prime number?
True
Is 186131 a composite number?
True
Is 17567729 a composite number?
False
Is 26073889 a prime number?
True
Is 173283779 composite?
True
Is 46227613 prime?
False
Is 2545679 a prime number?
True
Is 21786529 a composite number?
False
Is 2012843 prime?
False
Is 1775171 prime?
True
Is 199326847 a composite number?
True
Is 40310617 prime?
False
Is 639196963 a composite number?
False
Is 478751461 a composite number?
False
Is 406951 prime?
True
Is 6156583 a composite number?
False
Is 10388863 prime?
True
Is 2576549 a prime number?
True
Is 16574533 composite?
True
Is 100209491 a composite number?
True
Is 3812827 prime?
False
Is 120319 a composite number?
False
Is 111961 a prime number?
False
Is 162060133 a prime number?
False
Is 98040154 a composite number?
True
Is 824393 a composite number?
False
Is 137387693 prime?
False
Is 3654641 composite?
False
Is 67740919 a composite number?
False
Is 68215063 composite?
True
Is 6368191 a composite number?
True
Is 18369227 a prime number?
False
Is 2424854 prime?
False
Is 4355957 composite?
False
Is 10421617 a composite number?
False
Is 158549 a prime number?
False
Is 373894943 a composite number?
False
Is 354615803 a prime number?
True
Is 222073949 prime?
True
Is 34411127 a prime number?
True
Is 1263541 a prime number?
True
Is 8370097 prime?
False
Is 62314097 a composite number?
False
Is 4257899 a prime number?
True
Is 2914831 a prime number?
True
Is 3144137 composite?
False
Is 4273283 a prime number?
False
Is 7169551 a composite number?
False
Is 3336375551 a prime number?
True
Is 23695207 composite?
True
Is 23606053 prime?
True
Is 87255647 composite?
False
Is 5191903 a composite number?
True
Is 9603809 a prime number?
True
Is 51952573 prime?
False
Is 404597 a prime number?
True
Is 2770055 a prime number?
False
Is 88495259 a prime number?
True
Is 74592101 a composite number?
False
Is 4947241 a composite number?
True
Is 555119 composite?
False
Is 169399 composite?
False
Is 469643779 prime?
False
Is 5158019 composite?
False
Is 2527799 a prime number?
True
Is 506237 a composite number?
True
Is 190056233 prime?
False
Is 32928523 prime?
True
Is 446503 prime?
True
Is 33336491 a composite number?
False
Is 2436539 composite?
True
Is 13827337 a prime number?
True
Is 521267 prime?
True
Is 1599707 composite?
False
Is 10602307 composite?
True
Is 9248431 prime?
True
Is 52948807 a composite number?
False
Is 16501447 prime?
False
Is 22363591 prime?
True
Is 4204133 composite?
False
Is 1734781 a composite number?
True
Is 2881243 prime?
True
Is 10527247 prime?
True
Is 8285827 prime?
False
Is 63818021 a composite number?
False
Is 10328569 a composite number?
False
Is 849691 composite?
False
Is 1471487 a prime number?
True
Is 20038841 composite?
False
Is 869521397 prime?
True
Is 9974683 a composite number?
False
Is 444913 composite?
True
Is 17539094 prime?
False
Is 67299355 a prime number?
False
Is 4819021 prime?
True
Is 8220097 composite?
False
Is 2798429 composite?
True
Is 10499491 a prime number?
True
Is 52040271 prime?
False
Is 49333357 composite?
True
Is 32948441 composite?
False
Is 18554527 a prime number?
True
Is 22739987 prime?
True
Is 166213 a prime number?
False
Is 8555041 a composite number?
True
Is 768733 prime?
False
Is 5221811 composite?
True
Is 87699221 a composite number?
True
Is 9635083 prime?
True
Is 2812853 prime?
True
Is 7622501 a prime number?
False
Is 1200678485 composite?
True
Is 290843257 composite?
True
Is 45495917 a composite number?
True
Is 30723713 a composite number?
True
Is 7035911 prime?
True
Is 757208603 a composite number?
True
Is 1480763 prime?
False
Is 6284389 a prime number?
True
Is 14452579 a prime number?
False
Is 26953201 composite?
True
Is 175463 a composite number?
False
Is 10720153 prime?
True
Is 1142129 prime?
True
Is 443537 a composite number?
True
Is 1419311 a composite number?
False
Is 30637531 composite?
False
Is 42900073 composite?
False
Is 146069657 a composite number?
True
Is 15761881 prime?
True
Is 306689 a prime number?
True
Is 1888673 prime?
True
Is 692183 prime?
False
Is 13017239 a composite number?
False
Is 8273039 a prime number?
False
Is 389913697 a composite number?
True
Is 269238397 a composite number?
False
Is 399000629 composite?
True
Is 14130361 prime?
False
Is 9644631 composite?
True
Is 18047937 prime?
False
Is 5909549 a prime number?
True
Is 26920163 a composite number?
True
Is 4255757 prime?
False
Is 8917663 a composite number?
False
Is 3263209 a composite number?
True
Is 2577389 composite?
False
Is 142275698 a composite number?
True
Is 16877473 a prime number?
True
Is 26877491 a prime number?
True
Is 6800581 a composite number?
False
Is 225375121 prime?
True
Is 11028387 prime?
False
Is 228443 a composite number?
False
Is 81197791 a composite number?
True
Is 7582486 a composite number?
True
Is 139251883 a composite number?
False
Is 100688789 composite?
False
Is 11396593 a composite number?
True
Is 9747559 composite?
False
Is 3698011 prime?
False
Is 1129103 a prime number?
True
Is 10659029 a prime number?
True
Is 3926249 prime?
True
Is 75249971 a composite number?
True
Is 307795 a composite number?
True
Is 24790327 a prime number?
False
Is 1817591 composite?
True
Is 119996839 prime?
False
Is 808987 composite?
True
Is 131748151 a composite number?
False
Is 3728173 a composite number?
False
Is 3837713 composite?
True
Is 5602609 a composite number?
True
Is 126577147 composite?
False
Is 8747303 composite?
True
Is 36457739 composite?
False
Is 7163111 prime?
False
Is 8127709 a composite number?
True
Is 25866019 composite?
False
Is 18894367 composite?
False
Is 2857483 a prime number?
False
Is 347857 a composite number?
True
Is 74378731 a prime number?
False
Is 1488301 a prime number?
True
Is 11754227 prime?
True
Is 20869 a prime number?
False
Is 1462139 prime?
False
Is 141652811 composite?
True
Is 49953 composite?
True
Is 60448799 a prime number?
False
Is 12502543 a composite number?
False
Is 45034183 prime?
False
Is 604591891 a composite number?
False
Is 281673794 a prime number?
False
Is 103288703 prime?
False
Is 787233409 composite?
True
Is 4031621 a prime number?
False
Is 346603 composite?
True
Is 11902687 composite?
True
Is 298347667 composite?
False
Is 345810329 prime?
True
Is 372199 a composite number?
True
Is 56697827 composite?
False
Is 930379 prime?
True
Is 7873246 a composite number?
True
Is 685211 a composite number?
True
Is 22167289 a prime number?
False
Is 10667479 a prime number?
True
Is 345731117 prime?
True
Is 839161 a composite number?
False
Is 152934737 a prime number?
False
Is 3910411 composite?
False
Is 32841247 a composite number?
True
Is 21423929 prime?
False
Is 2246483 prime?
True
Is 24045859 composite?
False
Is 55511777 prime?
False
Is 44919055 composite?
True
Is 13110223 prime?
False
Is 21380974 a composite number?
True
Is 30437607 a composite number?
True
Is 21219123 a prime number?
False
Is 127183709 a prime number?
False
Is 685907 a prime number?
True
Is 58811677 prime?
True
Is 2789531 a prime number?
False
Is 19048691 a prime number?
True
Is 4502189 a composite number?
False
Is 3876677 a composite number?
True
Is 11498491 a composite number?
True
Is 10044043 prime?
True
Is 13997233 composite?
False
Is 3653635 composite?
True
Is 5709589 prime?
False
Is 17969957 prime?
False
Is 1128061 prime?
False
Is 568275391 a prime number?
True
Is 23335805 composite?
True
Is 581275637 a composite number?
True
Is 3401899 a prime number?
True
Is 282797 a composite number?
False
Is 5778721 a prime number?
False
Is 3425917 a composite number?
True
Is 76778419 composite?
False
Is 39249229 composite?
False
Is 635087249 a prime number?
False
Is 421273 prime?
True
Is 7163033 a composite number?
False
Is 74860637 a composite number?
True
Is 41012747 a prime number?
True
Is 60209 prime?
True
Is 75597869 a prime number?
True
Is 111101623 composite?
True
Is 58903309 prime?
True
Is 3463357 a prime number?
True
Is 480219 a composite number?
True
Is 85988167 composite?
True
Is 199260